183
List the prime factors of 1621448.
2, 29, 241
What are the prime factors of 1430690?
2, 5, 79, 1811
List the prime factors of 3382640.
2, 5, 42283
What are the prime factors of 1470806?
2, 17, 181, 239
List the prime factors of 2518409.
31, 81239
What are the prime factors of 37901014?
2, 18950507
What are the prime factors of 17583?
3, 5861
List the prime factors of 4114244.
2, 1028561
What are the prime factors of 461438?
2, 230719
List the prime factors of 2875486.
2, 1437743
What are the prime factors of 632232?
2, 3, 2927
What are the prime factors of 2141904?
2, 3, 44623
What are the prime factors of 1221672?
2, 3, 109, 467
List the prime factors of 154489.
19, 47, 173
What are the prime factors of 11375152?
2, 73, 9739
List the prime factors of 61884.
2, 3, 191
What are the prime factors of 4429046?
2, 83, 26681
List the prime factors of 346858.
2, 173429
What are the prime factors of 349490?
2, 5, 34949
List the prime factors of 2361842.
2, 7, 73, 2311
List the prime factors of 3081148.
2, 7, 17, 6473
What are the prime factors of 187441?
187441
What are the prime factors of 389342?
2, 194671
What are the prime factors of 9074851?
9074851
List the prime factors of 271747.
7, 38821
What are the prime factors of 700924?
2, 7, 25033
What are the prime factors of 184498?
2, 29, 3181
List the prime factors of 2072621.
101, 20521
What are the prime factors of 202926?
2, 3, 31, 1091
List the prime factors of 1927057.
11, 239, 733
List the prime factors of 946496.
2, 23, 643
What are the prime factors of 648441?
3, 109, 661
What are the prime factors of 2985153?
3, 995051
What are the prime factors of 706525?
5, 59, 479
List the prime factors of 17937987.
3, 163, 36683
What are the prime factors of 838025?
5, 33521
What are the prime factors of 91266?
2, 3, 7, 41, 53
List the prime factors of 2890700.
2, 5, 137, 211
What are the prime factors of 2931575?
5, 149, 787
List the prime factors of 123382.
2, 7, 1259
List the prime factors of 769330.
2, 5, 107, 719
What are the prime factors of 420076?
2, 105019
List the prime factors of 3845759.
41, 97, 967
List the prime factors of 2507677.
19, 59, 2237
List the prime factors of 1363023.
3, 269, 563
What are the prime factors of 219897?
3, 53, 461
List the prime factors of 47822.
2, 23911
What are the prime factors of 319861?
23, 13907
List the prime factors of 3021545.
5, 604309
What are the prime factors of 421630?
2, 5, 11, 3833
List the prime factors of 169154.
2, 83, 1019
List the prime factors of 885740.
2, 5, 67, 661
What are the prime factors of 639764?
2, 41, 47, 83
List the prime factors of 15464334.
2, 3, 2577389
List the prime factors of 132778.
2, 197, 337
List the prime factors of 4207813.
29, 373, 389
List the prime factors of 11854933.
17, 541, 1289
List the prime factors of 143011.
11, 13001
What are the prime factors of 23363371?
47, 497093
List the prime factors of 16929757.
13, 37, 61, 577
List the prime factors of 19120824.
2, 3, 265567
What are the prime factors of 4301144?
2, 19, 28297
List the prime factors of 492142.
2, 7, 35153
What are the prime factors of 15882139?
7, 13, 37, 53, 89
What are the prime factors of 473933?
37, 12809
What are the prime factors of 162671?
162671
List the prime factors of 98400.
2, 3, 5, 41
List the prime factors of 8896117.
17, 271, 1931
List the prime factors of 2839232.
2, 11, 37, 109
List the prime factors of 880141.
17, 23, 2251
List the prime factors of 440584.
2, 55073
List the prime factors of 2161370.
2, 5, 29, 257
What are the prime factors of 21885635?
5, 293, 14939
What are the prime factors of 2597400?
2, 3, 5, 13, 37
List the prime factors of 6902508.
2, 3, 53, 10853
List the prime factors of 6075681.
3, 17, 119131
List the prime factors of 40257710.
2, 5, 71, 56701
List the prime factors of 9079970.
2, 5, 907997
What are the prime factors of 20522045?
5, 1109, 3701
What are the prime factors of 187618?
2, 93809
What are the prime factors of 2559616?
2, 19997
List the prime factors of 168899.
168899
List the prime factors of 414014.
2, 137, 1511
What are the prime factors of 5071323?
3, 1690441
List the prime factors of 2428564.
2, 73, 8317
List the prime factors of 45767.
45767
What are the prime factors of 4320500?
2, 5, 8641
What are the prime factors of 932806?
2, 7, 66629
What are the prime factors of 2542100?
2, 5, 11, 2311
What are the prime factors of 157055?
5, 101, 311
What are the prime factors of 60036?
2, 3, 5003
List the prime factors of 1140426.
2, 3, 7, 431
What are the prime factors of 3797083?
47, 80789
What are the prime factors of 112874?
2, 56437
List the prime factors of 285304.
2, 19, 1877
List the prime factors of 10124512.
2, 316391
What are the prime factors of 466615?
5, 93323
What are the prime factors of 419676?
2, 3, 41, 853
List the prime factors of 5612329.
17, 53, 6229
List the prime factors of 9950850.
2, 3, 5, 7, 13
List the prime factors of 315621.
3, 35069
List the prime factors of 174805.
5, 34961
What are the prime factors of 2014000?
2, 5, 19, 53
List the prime factors of 725381.
725381
What are the prime factors of 871954?
2, 43, 10139
What are the prime factors of 9541503?
3, 353389
What are the prime factors of 2281305?
3, 5, 13, 11699
List the prime factors of 1603515.
3, 5, 53, 2017
List the prime factors of 7231089.
3, 443, 5441
What are the prime factors of 5960851?
13, 19, 24133
List the prime factors of 1563697.
269, 5813
List the prime factors of 1417108.
2, 7, 11, 43, 107
What are the prime factors of 300866?
2, 17, 8849
What are the prime factors of 229771?
229771
List the prime factors of 9731155.
5, 7, 39719
What are the prime factors of 147759?
3, 49253
List the prime factors of 1618784.
2, 50587
What are the prime factors of 18152911?
7, 23, 137, 823
What are the prime factors of 2010343?
53, 83, 457
List the prime factors of 198573.
3, 66191
What are the prime factors of 9841627?
9841627
List the prime factors of 1659560.
2, 5, 7, 5927
List the prime factors of 21967832.
2, 2745979
What are the prime factors of 7943970?
2, 3, 5, 23, 29, 397
What are the prime factors of 4941900?
2, 3, 5, 17, 19
List the prime factors of 5234577.
3, 1744859
List the prime factors of 11061.
3, 1229
What are the prime factors of 2091093?
3, 181, 3851
List the prime factors of 2497950.
2, 3, 5, 7, 13, 61
What are the prime factors of 109706?
2, 19, 2887
What are the prime factors of 157599?
3, 13, 449
What are the prime factors of 818533?
17, 89, 541
What are the prime factors of 396301?
396301
What are the prime factors of 2962886?
2, 37, 40039
What are the prime factors of 2933581?
7, 19, 23, 137
List the prime factors of 350004.
2, 3, 29167
What are the prime factors of 294765?
3, 5, 43, 457
List the prime factors of 342834.
2, 3, 57139
List the prime factors of 117250.
2, 5, 7, 67
What are the prime factors of 5634025?
5, 179, 1259
List the prime factors of 1047285.
3, 5, 17, 37
List the prime factors of 42359.
42359
List the prime factors of 1314215.
5, 7, 37549
What are the prime factors of 255974?
2, 131, 977
What are the prime factors of 111911?
17, 29, 227
List the prime factors of 73159.
149, 491
List the prime factors of 12763167.
3, 4254389
What are the prime factors of 988479?
3, 109831
What are the prime factors of 3104634?
2, 3, 13, 53, 751
List the prime factors of 330538.
2, 13, 12713
List the prime factors of 2888637.
3, 331, 2909
List the prime factors of 11313412.
2, 11, 257123
What are the prime factors of 27703128?
2, 3, 1154297
What are the prime factors of 505428?
2, 3, 7, 11, 547
What are the prime factors of 171315?
3, 5, 47
List the prime factors of 4158493.
487, 8539
List the prime factors of 1047728.
2, 11, 5953
List the prime factors of 3486135.
3, 5, 232409
List the prime factors of 43616.
2, 29, 47
What are the prime factors of 240136?
2, 13, 2309
What are the prime factors of 1728618?
2, 3, 61, 4723
List the prime factors of 7748354.
2, 947, 4091
List the prime factors of 942584.
2, 59, 1997
What are the prime factors of 3017486?
2, 1508743
What are the prime factors of 5272696?
2, 11, 13, 419
What are the prime factors of 429741?
3, 13, 3673
List the prime factors of 93102.
2, 3, 59, 263
List the prime factors of 539694.
2, 3, 29983
What are the prime 